alse
Is 26 a factor of 1190?
False
Is 1243 a multiple of 41?
False
Is 11 a factor of 792?
True
Is 10 a factor of 1560?
True
Is 54 a factor of 11610?
True
Is 29 a factor of 5510?
True
Does 20 divide 19160?
True
Is 32 a factor of 740?
False
Is 44 a factor of 836?
True
Is 435 a multiple of 15?
True
Does 5 divide 835?
True
Is 2591 a multiple of 7?
False
Is 5986 a multiple of 82?
True
Is 1305 a multiple of 11?
False
Does 9 divide 345?
False
Is 78 a factor of 234?
True
Is 21 a factor of 3906?
True
Is 10 a factor of 105?
False
Does 60 divide 1080?
True
Does 5 divide 5780?
True
Is 19 a factor of 513?
True
Is 443 a factor of 91049?
False
Is 1197 even?
False
Is 46 a factor of 138?
True
Does 20 divide 520?
True
Is 80 a factor of 100560?
True
Is 69 a factor of 345?
True
Is 66 a factor of 1122?
True
Is 12 a factor of 348?
True
Is 33 a factor of 20901?
False
Is 79 a factor of 223?
False
Does 5 divide 15428?
False
Does 54 divide 42984?
True
Is 63 a factor of 4222?
False
Does 4 divide 853?
False
Is 12 a factor of 29904?
True
Does 7 divide 63?
True
Is 809 a multiple of 18?
False
Is 754 a multiple of 23?
False
Is 22805 a multiple of 27?
False
Is 1289 a multiple of 26?
False
Does 30 divide 11792?
False
Is 11053 a multiple of 137?
False
Is 3668 a multiple of 28?
True
Is 8215 a multiple of 53?
True
Does 4 divide 144?
True
Does 3 divide 6180?
True
Is 408 a multiple of 6?
True
Is 120748 a multiple of 23?
False
Is 28 a factor of 59248?
True
Is 2058 a multiple of 5?
False
Is 1262 a multiple of 58?
False
Is 1182 a multiple of 74?
False
Does 10 divide 39470?
True
Is 1922 a multiple of 26?
False
Does 23 divide 2104?
False
Is 34800 a multiple of 48?
True
Is 24 a factor of 26904?
True
Is 1989 a multiple of 17?
True
Is 13 a factor of 3796?
True
Is 2 a factor of 276?
True
Is 1050 a multiple of 25?
True
Is 96 a multiple of 6?
True
Does 13 divide 139360?
True
Is 15 a factor of 5430?
True
Does 38 divide 2401?
False
Does 33 divide 957?
True
Does 31 divide 31825?
False
Is 4167 a multiple of 13?
False
Does 7 divide 819?
True
Is 46 a factor of 37398?
True
Is 1056 a multiple of 11?
True
Is 19 a factor of 1249?
False
Does 19 divide 12318?
False
Does 6 divide 35525?
False
Is 9796 a multiple of 235?
False
Does 38 divide 13315?
False
Is 18 a factor of 1908?
True
Is 255 a multiple of 85?
True
Is 7313 a multiple of 125?
False
Does 87 divide 2635?
False
Is 4947 a multiple of 17?
True
Does 61 divide 976?
True
Is 226 a multiple of 8?
False
Is 5 a factor of 1062?
False
Is 11890 a multiple of 29?
True
Does 39 divide 2851?
False
Is 2390 a multiple of 92?
False
Is 60 a factor of 14412?
False
Is 114 a multiple of 6?
True
Is 27 a factor of 7797?
False
Is 8 a factor of 312?
True
Does 5 divide 445?
True
Is 270 a multiple of 30?
True
Is 2521 a multiple of 27?
False
Is 27 a factor of 411?
False
Does 12 divide 3829?
False
Is 24 a factor of 1083?
False
Is 752 a multiple of 47?
True
Does 8 divide 5232?
True
Is 3 a factor of 54?
True
Does 7 divide 52360?
True
Is 1804 a multiple of 36?
False
Is 28 a factor of 17481?
False
Does 9 divide 202?
False
Does 106 divide 6208?
False
Does 72 divide 2669?
False
Is 15714 a multiple of 18?
True
Is 1345 a multiple of 5?
True
Does 31 divide 4035?
False
Is 14 a factor of 1666?
True
Does 40 divide 1000?
True
Is 2689 a multiple of 51?
False
Is 4165 a multiple of 195?
False
Is 9 a factor of 270?
True
Is 5 a factor of 40?
True
Is 5 a factor of 770?
True
Is 12 a factor of 55?
False
Does 16 divide 32?
True
Is 24930 a multiple of 113?
False
Is 5 a factor of 770?
True
Does 229 divide 28965?
False
Does 51 divide 1419?
False
Is 14 a factor of 6048?
True
Is 546 a multiple of 31?
False
Does 7 divide 525?
True
Is 9 a factor of 405?
True
Is 114271 a multiple of 499?
True
Does 89 divide 24208?
True
Is 7099 a multiple of 42?
False
Does 75 divide 298?
False
Is 48 a factor of 1104?
True
Is 1040 even?
True
Is 48970 a multiple of 295?
True
Is 1248 a multiple of 32?
True
Is 46 a factor of 2416?
False
Is 51 a factor of 3150?
False
Is 34 a factor of 136?
True
Is 59 a factor of 37852?
False
Is 36720 a multiple of 54?
True
Is 1400 a multiple of 103?
False
Does 117 divide 819?
True
Is 2135 a multiple of 10?
False
Is 6254 a multiple of 49?
False
Is 2067 a multiple of 18?
False
Does 90 divide 54827?
False
Is 13356 a multiple of 75?
False
Is 275 a multiple of 11?
True
Does 64 divide 128?
True
Is 783 a multiple of 14?
False
Is 4 a factor of 26343?
False
Does 63 divide 1512?
True
Does 10 divide 11739?
False
Is 1932 a multiple of 42?
True
Is 2222 a multiple of 101?
True
Does 22 divide 5679?
False
Does 13 divide 1335?
False
Is 17504 a multiple of 19?
False
Is 5 a factor of 659?
False
Does 185 divide 2590?
True
Is 12 a factor of 3768?
True
Is 21 a factor of 2709?
True
Does 131 divide 11799?
False
Is 3 a factor of 345?
True
Is 21697 a multiple of 147?
False
Is 88 a factor of 704?
True
Is 35616 a multiple of 43?
False
Is 5 a factor of 185?
True
Does 44 divide 5236?
True
Is 13300 a multiple of 140?
True
Is 1442 a multiple of 14?
True
Is 120 a multiple of 28?
False
Is 11772 a multiple of 92?
False
Is 288 a multiple of 24?
True
Is 20 a factor of 695?
False
Is 855 a multiple of 18?
False
Does 13 divide 1143?
False
Is 12 a factor of 13188?
True
Is 41 a factor of 1517?
True
Does 8 divide 24558?
False
Is 106 a factor of 6463?
False
Does 79 divide 24145?
False
Does 6 divide 288?
True
Is 3819 a multiple of 52?
False
Is 16379 a multiple of 18?
False
Is 12 a factor of 2018?
False
Is 22 a factor of 2155?
False
Does 61 divide 25986?
True
Is 134218 a multiple of 24?
False
Does 53 divide 27848?
False
Is 626 a multiple of 12?
False
Is 33 a factor of 5567?
False
Does 9 divide 910?
False
Is 15 a factor of 611?
False
Is 13 a factor of 1125?
False
Does 10 divide 1298?
False
Does 22 divide 22?
True
Is 1589 even?
False
Does 177 divide 3009?
True
Is 14 a factor of 3903?
False
Is 1243 a multiple of 24?
False
Is 6 a factor of 3226?
False
Is 693 a multiple of 11?
True
Does 28 divide 2408?
True
Is 86 a multiple of 37?
False
Is 67 a factor of 4556?
True
Is 263 a factor of 34716?
True
Is 3696 a multiple of 16?
True
Is 14 a factor of 112?
True
Is 79 a factor of 4661?
True
Is 32 a factor of 448?
True
Is 14 a factor of 675?
False
Does 54 divide 3078?
True
Is 552 a multiple of 46?
True
Is 64 a multiple of 15?
False
Is 8165 a multiple of 8?
False
Does 14 divide 140?
True
Does 3 divide 1643?
False
Is 25 a factor of 4117?
False
Does 85 divide 255?
True
Is 1050 a multiple of 30?
True
Does 18 divide 198?
True
Does 16 divide 6456?
False
Is 23 a multiple of 3?
False
Is 4 a factor of 143?
False
Does 9 divide 1801?
False
Does 19 divide 20272?
False
Is 53 even?
False
Is 264 a factor of 5544?
True
Is 2 a factor of 526?
True
Does 14 divide 2072?
True
Is 9 a factor of 189?
True
Is 15 a factor of 900?
True
Is 4 a factor of 166?
False
Is 220 a multiple of 5?
True
Does 18 divide 48646?
False
Is 13300 a multiple of 70?
True
Does 2 divide 2159?
False
Is 59 a factor of 31300?
False
Is 82 a factor of 9386?
False
Does 13 divide 4125?
False
Is 16 a factor of 2448?
True
Does 197 divide 6283?
False
Is 2538 a multiple of 54?
True
Does 19 divide 9329?
True
Is 6 a factor of 12798?
True
Is 205 a factor of 3016?
False
Does 85 divide 14042?
False
Does 24 divide 1536?
True
Does 6 divide 2471?
False
Does 27 divide 30073?
False
Does 161 divide 29785?
True
Does 16 divide 83513?
False
Does 5 divide 289?
False
Does 22 divide 2684?
True
Is 118 a factor of 78094?
False
Does 119 divide 87518?
False
Does 41 divide 23616?
True
Is 17 a factor of 9146?
True
Is 14 a factor of 3039?
False
Does 18 divide 9178?
False
Is 9 a factor of 45?
True
Is 18 a factor of 936?
True
Does 85 divide 17595?
True
Is 1334 a multiple of 23?
True
Is 867 a multiple of 17?
True
Is 46 a factor of 26404?
True
Is 6 a factor of 12422?
False
Does 10 divide 107410?
True
Is 320 a multiple of 51?
False
Does 10 divide 1840?
True
Is 57 a factor of 242?
False
Does 15 divide 1262?
False
Does 49 divide 10486?
True
Is 584 a multiple of 76?
False
Is 52 a factor of 658?
False
Is 3 a factor of 333?
True
Is 738 a multiple of 3?
True
Is 801 a multiple of 267?
True
Is 41 a factor of 6042?
False
Does 125 divide 11172?
False
Is 7 a factor of 49?
True
Does 5 divide 11235?
True
Does 28 divide 1820?
True
Does 2 divide 103?
Fal